{"id":227,"date":"2013-02-21T10:37:59","date_gmt":"2013-02-21T10:37:59","guid":{"rendered":"http:\/\/www.armati-domini.at\/?page_id=227"},"modified":"2013-11-04T10:11:23","modified_gmt":"2013-11-04T10:11:23","slug":"mathghamhain-mac-airt","status":"publish","type":"page","link":"http:\/\/www.armati-domini.at\/?page_id=227","title":{"rendered":"Mathghamhain Mac Airt"},"content":{"rendered":"<h3><b>Mathghamhain Mac Airt &#8211; B\u00e4r B\u00e4rensohn.<\/b><\/h3>\n<p><a href=\"http:\/\/armati-domini.at\/wp-content\/uploads\/AD Information\/Verein-Personen\/Mitglieder\/Muireann Nic Mhathghamhna\/Bild0024-klein-Math\u00fain-HP.jpg\"><img loading=\"lazy\" decoding=\"async\" class=\"alignnone size-medium wp-image-364\" alt=\"Bild0024 klein Math\u00fain HP\" src=\"http:\/\/armati-domini.at\/wp-content\/uploads\/AD Information\/Verein-Personen\/Mitglieder\/Muireann Nic Mhathghamhna\/Bild0024-klein-Math\u00fain-HP-300x268.jpg\" width=\"300\" height=\"268\" srcset=\"http:\/\/www.armati-domini.at\/wp-content\/uploads\/AD%20Information\/Verein-Personen\/Mitglieder\/Muireann%20Nic%20Mhathghamhna\/Bild0024-klein-Math\u00fain-HP-300x268.jpg 300w, http:\/\/www.armati-domini.at\/wp-content\/uploads\/AD%20Information\/Verein-Personen\/Mitglieder\/Muireann%20Nic%20Mhathghamhna\/Bild0024-klein-Math\u00fain-HP.jpg 768w\" sizes=\"auto, (max-width: 300px) 100vw, 300px\" \/><\/a><\/p>\n<p>Wird immer mal wieder bei Lagern und Schlachten gesichtet, und zwar ausschlie\u00dflich in Gesellschaft\u00a0der Mic Mhathghamhna.<\/p>\n<p>Zwergenb\u00e4r (daher auch <em>Math\u00fain Beag<\/em>, aber das h\u00f6rt er nicht so gern), Leprechaun, oder gar eine Art irischer Deus Penates: welcher Art er genau ist, l\u00e4\u00dft sich nicht sagen, jedenfalls hockt er meistens kaum sichtbar in den dunkelsten Winkeln eines Zeltes\u00a0\u2014 und ist scheinbar das einzige Wesen, das der geplagten K\u00f6chin n\u00e4here Auskunft \u00fcber das mysteri\u00f6se Verschwinden diverser S\u00fc\u00dfigkeiten (\u00c4pfel, Kekse, Honig, seltsames-dunkelbraunes-s\u00fc\u00dfes-Zeug-das-vom-Aussehen-her-ein-bisschen-an-cremigen-Torf-erinnert, etc.) aus dem Vorratszelt\u00a0geben k\u00f6nnte.<\/p>\n<p>B\u00e4r halt.<\/p>\n<p>&nbsp;<\/p>\n<p><a href=\"http:\/\/armati-domini.at\/?page_id=76\">zur\u00fcck<\/a><\/p>\n","protected":false},"excerpt":{"rendered":"<p>Mathghamhain Mac Airt &#8211; B\u00e4r B\u00e4rensohn. Wird immer mal wieder bei Lagern und Schlachten gesichtet, und zwar ausschlie\u00dflich in Gesellschaft\u00a0der Mic Mhathghamhna. Zwergenb\u00e4r (daher auch Math\u00fain Beag, aber das h\u00f6rt er nicht so gern), Leprechaun, oder gar eine Art irischer Deus Penates: welcher Art er genau ist, l\u00e4\u00dft sich nicht sagen, jedenfalls hockt er meistens [&hellip;]<\/p>\n","protected":false},"author":1,"featured_media":0,"parent":76,"menu_order":0,"comment_status":"closed","ping_status":"closed","template":"","meta":{"footnotes":""},"class_list":["post-227","page","type-page","status-publish","hentry"],"_links":{"self":[{"href":"http:\/\/www.armati-domini.at\/index.php?rest_route=\/wp\/v2\/pages\/227","targetHints":{"allow":["GET"]}}],"collection":[{"href":"http:\/\/www.armati-domini.at\/index.php?rest_route=\/wp\/v2\/pages"}],"about":[{"href":"http:\/\/www.armati-domini.at\/index.php?rest_route=\/wp\/v2\/types\/page"}],"author":[{"embeddable":true,"href":"http:\/\/www.armati-domini.at\/index.php?rest_route=\/wp\/v2\/users\/1"}],"replies":[{"embeddable":true,"href":"http:\/\/www.armati-domini.at\/index.php?rest_route=%2Fwp%2Fv2%2Fcomments&post=227"}],"version-history":[{"count":7,"href":"http:\/\/www.armati-domini.at\/index.php?rest_route=\/wp\/v2\/pages\/227\/revisions"}],"predecessor-version":[{"id":371,"href":"http:\/\/www.armati-domini.at\/index.php?rest_route=\/wp\/v2\/pages\/227\/revisions\/371"}],"up":[{"embeddable":true,"href":"http:\/\/www.armati-domini.at\/index.php?rest_route=\/wp\/v2\/pages\/76"}],"wp:attachment":[{"href":"http:\/\/www.armati-domini.at\/index.php?rest_route=%2Fwp%2Fv2%2Fmedia&parent=227"}],"curies":[{"name":"wp","href":"https:\/\/api.w.org\/{rel}","templated":true}]}}