{"id":313,"date":"2013-03-14T16:48:40","date_gmt":"2013-03-14T16:48:40","guid":{"rendered":"http:\/\/www.armati-domini.at\/?page_id=313"},"modified":"2016-08-29T12:03:26","modified_gmt":"2016-08-29T10:03:26","slug":"literatur-zu-na-mathghamhnaigh","status":"publish","type":"page","link":"http:\/\/www.armati-domini.at\/?page_id=313","title":{"rendered":"Literatur zu na Mathghamhnaigh"},"content":{"rendered":"<h2><\/h2>\n<p><strong>Quellen und diverser Lesestoff:<\/strong><\/p>\n<p>Asplin, Peter W. A. 1971. <em><u>Medieval Ireland, c. 1170-1495. A bibliography of secondary works<\/u><\/em>. Dublin: RIA.<\/p>\n<p>Barry, Terry. 2000. \u201cRural settlement in medieval Ireland\u201d, In: Barry, Terry (ed.). <em><u>A history of settlement in Ireland<\/u>.<\/em> London &amp; New York: Routledge, 110-23.<\/p>\n<p>Bell, Robert. 1988. <em><u>The book of Ulster surnames<\/u><\/em>. Belfast: Blackstaff.<\/p>\n<p>Breatnach, Liam. 1994. \u201eAn Mhe\u00e1n-Ghaeilge\u201c, In: McCone, Kim, Damian McManus, Cathal \u00d3 h\u00c1inle, Nicholas Williams &amp; Liam Breatnach (eds). <em><u>Stair na Gaeilge in \u00f3m\u00f3s do P\u00e1draig [sic] \u00d3 Fiannachta<\/u><\/em>. Maigh Nuad: Roinn na Sean-Ghaeilge, Col\u00e1iste P\u00e1draig, 221-333.<\/p>\n<p>Brindley, Anna (ed.). 1996. <em><u>Archaeological inventory of County Monaghan<\/u><\/em>. (Archaeological Survey of Ireland). Dublin: D\u00fachas.<\/p>\n<p>Clarke, H.B. 2002. <em><u>Irish historic towns atlas no. 11. Dublin. Part 1, to 1610<\/u><\/em>.\u00a0Dublin: RIA.<\/p>\n<p>Corrigan, Mario. 2006. \u201cThe Knights Hospitallers and the foundation of the <em>Black Abbey<\/em> at Tully\u201d, In: Kelly, Ger &amp; Mario Corrigan (eds). <em><u>Church of the Oak: a contribution to the history of Kildare Town<\/u><\/em>. Kildare:\u00a0 The Grey Abbey Conservation Project. Available at: <a href=\"http:\/\/www.kildare.ie\/greyabbey\/archives\/2006\/11\/the_knights_hos_1.asp\" target=\"_blank\">http:\/\/www.kildare.ie\/greyabbey\/archives\/2006\/11\/the_knights_hos_1.asp<\/a>\u00a0(acc. Aug.2016)<\/p>\n<p>Curtis, Edmund. 1978. <em><u>A history of medieval Ireland from 1086 to 1513<\/u><\/em>. 2<sup>nd<\/sup> ed. repr. (Methuen Library Reprints). London: Methuen.<\/p>\n<p>Davies, Rees. 1996. \u201c \u2018Keeping the natives in order\u2019: the English king and the \u2018Celtic\u2019 rulers, 1066-1216\u201d, <em><u>Peritia<\/u><\/em> 10: 212-24.<\/p>\n<p>Flanagan, Marie-Th\u00e9r\u00e8se. 1989. <em><u>Irish society, Anglo-Norman settlers, Angevin kingship: interactions in Ireland in the twelfth century<\/u><\/em>. (Oxford historical monographs). Oxford: Clarendon.<\/p>\n<p>Flanagan, Marie-Th\u00e9r\u00e8se. 1996. \u201cHenry II, the council of Cashel and the Irish bishops\u201d, <em><u>Peritia<\/u><\/em> 10: 184-211.<\/p>\n<p>Flanagan, Marie-Th\u00e9r\u00e8se. 2000. \u201cHousehold favourites: Angevin royal agents in Ireland under Henry II and John\u201d, In: Smyth, Alfred P. (ed.). <em><u>Seanchas: studies in early and medieval Irish archaeology, history and literature in honour of Francis J.\u00a0 Byrne<\/u><\/em>. Dublin: Four Courts Press, 357-80.<\/p>\n<p>Frame, Robin. 1981. <em><u>Colonial Ireland, 1169-1369<\/u><\/em>. Dublin: Helicon.<\/p>\n<p>Glasscock, R.E. 1987. \u201cLand and people, <em>c<\/em>. 1300\u201d, In: Cosgrove, Art (ed.). <em><u>A new history of Ireland. Vol. 2: Medieval Ireland 1169-1534<\/u><\/em>. Oxford: OUP, 205-39.<\/p>\n<p>Graham, Brian. 2000. \u201cUrbanisation in Ireland during the High Middle Ages, <em>c<\/em>. 1100 to <em>c<\/em>. 1350\u201d, In: Barry, Terry (ed.). \u00a0<em><u>A history of settlement in Ireland<\/u>.<\/em> London &amp; New York: Routledge, 124-39.<\/p>\n<p>Grenham, John. 1997. <em><u>Irish family names<\/u><\/em>. (Collins Pocket Reference). Glasgow: Harper Collins.<\/p>\n<p>Hall, Dianne. 2003. <em><u>Women and the church in medieval Ireland<\/u><\/em>. Dublin: Four Courts Press.<\/p>\n<p>Hickey, Raymond. 1997. \u201cAssessing the relative status of languages in medieval Ireland\u201d. In: Fisiak, Jacek (ed). <em><u>Studies in Middle English linguistics<\/u><\/em>. Berlin: Mouton: 181-205.<\/p>\n<p>Hogan, Edmund. 1910 [1993]. <em><u>Onomasticon Goidelicum locorum et tribuum Hiberniae et Scotiae: an index, with identifications, to the Gaelic names of places and tribes<\/u><\/em>. repr. Dublin: Four Courts Press. Also vailable online <a href=\"http:\/\/publish.ucc.ie\/doi\/locus?section\" target=\"_blank\">http:\/\/publish.ucc.ie\/doi\/locus?section<\/a>\u00a0\u00a0(acc. Aug. 2016)<\/p>\n<p>Kelly, Fergus. 1988. &#8222;Post-Norman law-schools&#8220;, in <em><u>A guide to Early Irish law<\/u><\/em>. (Early Irish Law Series, 3). Dublin: DIAS,\u00a0250-63.<\/p>\n<p>Livingstone, Peadar. 1980. <em><u>The Monaghan story:<\/u><\/em><u> <em>A documented history of the county Monaghan from the earliest times to 1976<\/em><\/u>. Enniskillen: Clogher Record Society.<\/p>\n<p>Lydon, James (ed.). 1984. <em><u>The English in medieval Ireland: proceedings of the first joint meeting of the Royal Irish Academy and the British Academy, Dublin, 1982<\/u><\/em>. Dublin: RIA.<\/p>\n<p>Lydon, James. 1987. \u201cA land of war\u201d, In: Cosgrove, Art (ed.). <em><u>A new history of Ireland. Vol. 2: Medieval Ireland 1169-1534<\/u><\/em>. Oxford: OUP, 240-74.<\/p>\n<p>Lydon, James. 1987. \u201cThe expansion and consolidation of the colony, 1215-54\u201d, In: Cosgrove, Art (ed.). <em><u>A new history of Ireland. Vol. 2: Medieval Ireland 1169-1534<\/u><\/em>. Oxford: OUP, 156-78.<\/p>\n<p>Lydon, James. 1987. \u201cThe years of crisis, 1254-1315\u201d, In: Cosgrove, Art (ed.). <em><u>A new history of Ireland. Vol. 2: Medieval Ireland 1169-1534<\/u><\/em>. Oxford: OUP, 179-204.<\/p>\n<p>MacMath\u00fana, Liam. 2006. \u201cWhat\u2019s in an Irish name? A study of the personal naming systems of Irish and Irish English\u201d, In: Tristram, Hildegard L.C. (ed.). <em><u>The Celtic Englishes IV<\/u><\/em>. Potsdam: Potsdam UP, 64-87.<\/p>\n<p>McGettigan, Darren. 2005. \u201cMcMahon\u201d, In: Duffy, Se\u00e1n (ed.). <em><u>Medieval Ireland. An encyclopedia<\/u><\/em>. New York: Routledge, 298-9.<\/p>\n<p>McNeill, T.E. 1980. <em><u>Anglo-Norman Ulster: the history and archaeology of an Irish barony, 1177-1400<\/u><\/em>. Edinburgh: John Donald.<\/p>\n<p><em><u>Muineach\u00e1n<\/u><\/em> (Stair na gconndae, 2). Baile \u00c1tha Cliath: Oifig an tSol\u00e1thair, 1940.<\/p>\n<p>Nicholls, K.W. 1982. &#8222;Anglo-French Ireland and after&#8220;, <em><u>Peritia<\/u><\/em> 1: 370-403.<\/p>\n<p>\u00d3 Cr\u00f3in\u00edn, D\u00e1ibh\u00ed. 1995. <em><u>Early medieval Ireland, 400\u20131200<\/u><\/em>. (Longman History of Ireland, General Editor: Steven G. Ellis). London and New York: Longman.<\/p>\n<p>\u00d3 Droighne\u00e1in, Muiris. 1996 [2001]. <em><u>An Sloinnteoir Gaeilge agus an tAinmneoir<\/u><\/em>. rev. &amp; enl. by Miche\u00e1l Ailf \u00d3 Murch\u00fa. Dublin: Coisc\u00e9im.<\/p>\n<p>\u00d3 Dufaigh, Seosamh. 1999. \u201cMedieval Monaghan: the evidence of the placenames\u201d, <em><u>Clogher Record: Journal of the Clogher Historical Society<\/u><\/em> 16(3): 7-28.<\/p>\n<p>\u00d3 Mura\u00edle, Nollaig. 1984; 1982-5. \u201cThe barony names of Fermanagh and Monaghan\u201d, <em><u>Clogher Record: Journal of the Clogher Historical Society<\/u><\/em> 9: 387-402; 11(3): 387-402.<\/p>\n<p>O\u2019Neill, Timothy. 1987. <em><u>Merchants and mariners in medieval Ireland<\/u><\/em>. Dublin: Irish Academic Press.<\/p>\n<p>\u00d3 Riain-Raedel, Dagmar. 1983. &#8222;Twelfth- and thirteenth-century Irish annals in Vienna&#8220;, <em><u>Peritia<\/u><\/em> 2: 127-36.<\/p>\n<p>Richter, Michael. 1983 [1996]. <em><u>Irland im Mittelalter<\/u><\/em>. [rev. ed.]. Stuttgart: W. Kohlhammer [M\u00fcnchen: Beck].<\/p>\n<p>Richter, Michael. 1985. \u201cThe European dimension of Irish history in the eleventh and twelfth centuries\u201d, <em><u>Peritia<\/u><\/em> 4: 328-45.<\/p>\n<p>Simms, Katharine. 1976. \u201cGaelic lordships in Ulster in the later Middle Ages\u201d, unpubl. PhD-thesis, Trinity College Dublin.<\/p>\n<p>Simms, Katharine. 1989. \u201cThe Norman invasion and the Gaelic recovery\u201d, In: Foster, Ray (ed.). <em><u>The Oxford history of Ireland<\/u><\/em>. Oxford: OUP, 53-103.<\/p>\n<p>Simms, Katharine. 2009. <em><u>Medieval Gaelic sources<\/u><\/em>. (Maynooth Research Guides for Irish Local History, 14). Dublin: Four Courts Press.<\/p>\n<p>Smith, Brendan. 1999. <em><u>Colonisation and conquest in medieval Ireland<\/u><\/em><u>. <em>The English in Louth, 1170-1330<\/em><\/u>. Cambridge: CUP.<\/p>\n<p>Smyth, Alfred P. 1982. <em><u>Celtic Leinster: towards an historical geography of early Irish civilisation, A.D. 500-1600<\/u><\/em>. Blackrock: Irish Academic Press.<\/p>\n<p>Stringer, Keith J. 1999. \u201cNobility and identity in medieval Britain and Ireland: the de Vescy family, <em>c<\/em>. 1120-1314.\u201d, In:\u00a0\u00a0Smith, Brendan (ed.).\u00a0<em><u>Britain and Ireland, 900-1300. Insular responses to medieval European change<\/u><\/em>. Cambridge: CUP, 199-239.<\/p>\n<p>Warren, W.L. 1999.\u00a0 \u201cChurch and state in Angevin Ireland\u201d, <em><u>Peritia<\/u><\/em> 13: 276-91.<\/p>\n<p>Watt, John A. 1970. <em><u>The church and the two nations in medieval Ireland<\/u><\/em>. (Cambridge studies in medieval life and thought, 3). Cambridge: CUP.<\/p>\n<p>Watt, John A. 1983. <em><u>The church in medieval Ireland<\/u><\/em>. (The Gill history of Ireland, 5). Dublin: Gill &amp; Macmillan.<\/p>\n<p>&nbsp;<\/p>\n<p><strong>Annalen und anderes online (acc. Aug. 2016):<\/strong><\/p>\n<p><em><u>Annals of Ulster<\/u><\/em>, available online <a href=\"http:\/\/www.ucc.ie\/celt\/published\/G100001B\/index.html\" target=\"_blank\">http:\/\/www.ucc.ie\/celt\/published\/G100001B\/index.html<\/a><\/p>\n<p><em><u>Annals of the Four Masters 1172-1372<\/u><\/em>, available online <a href=\"http:\/\/www.ucc.ie\/celt\/published\/G100005C\/index.html\" target=\"_blank\">http:\/\/www.ucc.ie\/celt\/published\/G100005C\/index.html<\/a><\/p>\n<p><em><u>Short Annals of Tirconaill<\/u><\/em>, available online <a href=\"http:\/\/www.ucc.ie\/celt\/published\/G100019\/index.html\" target=\"_blank\">http:\/\/www.ucc.ie\/celt\/published\/G100019\/index.html<\/a><\/p>\n<p><em><u>The Laud Genealogies and tribal histories (Laud 610)<\/u><\/em><em>,<\/em> available online\u00a0<a href=\"http:\/\/www.ucc.ie\/celt\/published\/G105005\/index.html\" target=\"_blank\">http:\/\/www.ucc.ie\/celt\/published\/G105005\/index.html<\/a><\/p>\n<h3><\/h3>\n<p><strong>Anderes:<\/strong><\/p>\n<p><a href=\"http:\/\/www.logainm.ie\" target=\"_blank\">http:\/\/www.logainm.ie<\/a> Ortsnamen in Irland, inkl. Beleggeschichte<\/p>\n<p><a href=\"http:\/\/www.logainm.ie\/ga\/1995?s=Tehallan\" target=\"_blank\">http:\/\/www.logainm.ie\/ga\/1995?s=Tehallan<\/a>\u00a0(s.o., betr. Tehallan)<\/p>\n<p><a href=\"http:\/\/monasticon.celt.dias.ie\/\" target=\"_blank\">http:\/\/monasticon.celt.dias.ie\/<\/a>\u00a0Early Christian Ecclesiastical Settlement in Ireland 5th to 12th Centuries von\u00a0Kim McCone et al.<\/p>\n<p><a href=\"http:\/\/www.ngw.nl\/\" target=\"_blank\">http:\/\/www.ngw.nl\/<\/a>\u00a0 witzige Heraldikseite<\/p>\n<p><a href=\"http:\/\/www.mcmahonsofmonaghan.org\/\" target=\"_blank\">http:\/\/www.mcmahonsofmonaghan.org\/<\/a>\u00a0Geschichte der McMahons of Oriel, Privatprojekt, gut recherchiert<\/p>\n<p><a href=\"http:\/\/medievalscotland.org\/\" target=\"_blank\">http:\/\/medievalscotland.org\/<\/a>\u00a0enth\u00e4lt auch ein Namenslexikon: <a href=\"http:\/\/medievalscotland.org\/kmo\/AnnalsIndex\/\" target=\"_blank\">http:\/\/medievalscotland.org\/kmo\/AnnalsIndex\/<\/a><\/p>\n<p><a href=\"http:\/\/www.magoo.com\/hugh\/airghialla.html\" target=\"_blank\">http:\/\/www.magoo.com\/hugh\/airghialla.html<\/a><\/p>\n<p><a href=\"http:\/\/www.rootsweb.ancestry.com\/%7Eirlkik\/ihm\/ire1300a.htm\" target=\"_blank\">http:\/\/www.rootsweb.ancestry.com\/~irlkik\/ihm\/ire1300a.htm<\/a>\u00a0Geschichte Irlands in Landkarten, nett.<\/p>\n<p><a href=\"http:\/\/web.archive.org\/web\/20020808161123\/http:\/www.saintjohn.org\/priory.htm\" target=\"_blank\">http:\/\/web.archive.org\/web\/20020808161123\/http:\/\/www.saintjohn.org\/priory.htm<\/a>\u00a0 &#8222;The Knights of St. John in England, Scotland and Ireland before the reformation&#8220;<\/p>\n<p><a href=\"http:\/\/homepage.eircom.net\/%7Eseanjmurphy\/irhismys\/templars.htm\" target=\"_blank\">http:\/\/homepage.eircom.net\/~seanjmurphy\/irhismys\/templars.htm<\/a> empfehlenswerter Artikel<\/p>\n<p><a href=\"https:\/\/www.cs.tcd.ie\/kronos\/chronology\/synchronisms\/annals-chron.htm\" target=\"_blank\">https:\/\/www.cs.tcd.ie\/kronos\/chronology\/\/synchronisms\/annals-chron.htm<\/a> synchronising the Irish annals<\/p>\n<p><a href=\"http:\/\/www.heraldik-wappen.de\/\" target=\"_blank\">http:\/\/www.heraldik-wappen.de\/<\/a>\u00a0\u00a0Forum<\/p>\n<p><a href=\"http:\/\/flagspot.net\/flags\/\" target=\"_blank\">http:\/\/flagspot.net\/flags\/<\/a>\u00a0 nette Seite \u00fcber Wappen und Flaggen<\/p>\n<p><a href=\"http:\/\/www.heraldry.ws\/\" target=\"_blank\">http:\/\/www.heraldry.ws\/<\/a>\u00a0Heraldikseite spezialisiert auf Irland und Polen<\/p>\n<p>&nbsp;<\/p>\n<p><strong>Musikalisches aus Oriel, fr\u00fche Neuzeit:<\/strong><\/p>\n<p>N\u00ed Uallach\u00e1in, P\u00e1draig\u00edn. 2003. <em><u>A hidden Ulster. Gaelic songs of Oriel<\/u><\/em>. Dublin: Four Courts Press.<\/p>\n<p><strong>CDs:<\/strong><\/p>\n<p>P\u00e1draig\u00edn N\u00ed Uallach\u00e1in. 2002. <em><u>An dealg \u00f3ir\/The golden thorn<\/u><\/em>. Gael Linn.<\/p>\n<p>P\u00e1draig\u00edn N\u00ed Uallach\u00e1in. 2007. <em><u>A hidden Ulster. Gaelic songs of Oriel<\/u><\/em>. CD 1\/5. Ceolta\u00ed \u00c9ireann.<\/p>\n<p>&nbsp;<\/p>\n<p><a href=\"http:\/\/www.armati-domini.at\/?page_id=318\">Zeittafel<\/a> &#8211; <a href=\"http:\/\/www.armati-domini.at\/?page_id=391\">Anmerkungen<\/a> -Literatur &#8211; <a href=\"http:\/\/armati-domini.at\/?page_id=224\">zur\u00fcck<\/a><\/p>\n","protected":false},"excerpt":{"rendered":"<p>Quellen und diverser Lesestoff: Asplin, Peter W. A. 1971. Medieval Ireland, c. 1170-1495. A bibliography of secondary works. Dublin: RIA. Barry, Terry. 2000. \u201cRural settlement in medieval Ireland\u201d, In: Barry, Terry (ed.). A history of settlement in Ireland. London &amp; New York: Routledge, 110-23. Bell, Robert. 1988. The book of Ulster surnames. Belfast: Blackstaff. Breatnach, [&hellip;]<\/p>\n","protected":false},"author":1,"featured_media":0,"parent":224,"menu_order":0,"comment_status":"closed","ping_status":"closed","template":"","meta":{"footnotes":""},"class_list":["post-313","page","type-page","status-publish","hentry"],"_links":{"self":[{"href":"http:\/\/www.armati-domini.at\/index.php?rest_route=\/wp\/v2\/pages\/313","targetHints":{"allow":["GET"]}}],"collection":[{"href":"http:\/\/www.armati-domini.at\/index.php?rest_route=\/wp\/v2\/pages"}],"about":[{"href":"http:\/\/www.armati-domini.at\/index.php?rest_route=\/wp\/v2\/types\/page"}],"author":[{"embeddable":true,"href":"http:\/\/www.armati-domini.at\/index.php?rest_route=\/wp\/v2\/users\/1"}],"replies":[{"embeddable":true,"href":"http:\/\/www.armati-domini.at\/index.php?rest_route=%2Fwp%2Fv2%2Fcomments&post=313"}],"version-history":[{"count":17,"href":"http:\/\/www.armati-domini.at\/index.php?rest_route=\/wp\/v2\/pages\/313\/revisions"}],"predecessor-version":[{"id":4365,"href":"http:\/\/www.armati-domini.at\/index.php?rest_route=\/wp\/v2\/pages\/313\/revisions\/4365"}],"up":[{"embeddable":true,"href":"http:\/\/www.armati-domini.at\/index.php?rest_route=\/wp\/v2\/pages\/224"}],"wp:attachment":[{"href":"http:\/\/www.armati-domini.at\/index.php?rest_route=%2Fwp%2Fv2%2Fmedia&parent=313"}],"curies":[{"name":"wp","href":"https:\/\/api.w.org\/{rel}","templated":true}]}}